 f?
12
Suppose -4*b - 2*t + 94 = 0, 3*t + 116 = 5*b + 5*t. Let g be -1 - (-10)/((-60)/54). Let m = b + g. Calculate the greatest common divisor of m and 60.
12
Let u be (-12)/(-8) - (-451)/(-2). Let z be 12*3/((-36)/u). What is the greatest common factor of 28 and z?
28
Let b = 1783 - 1744. Calculate the highest common divisor of 988 and b.
13
Let q(g) = g**3 - 7*g**2 - 6*g + 9. Suppose -2*n = 4*f - 40, 0 = 4*f - 3*n - 6 - 14. Let a be q(f). What is the greatest common factor of a and 10?
5
Let x(b) = -b**2 - 14*b - 9. Let i be x(-11). Suppose 5*h + 2 = -3. Let w = 7 - h. What is the highest common factor of i and w?
8
Let o be ((-5)/15)/((-9)/297). Calculate the greatest common factor of 517 and o.
11
Suppose 14536 = 7*z + z. Let h = -994 + z. Let g = h + -548. Calculate the greatest common divisor of g and 25.
25
Let l(o) = -o**2 - 5*o + 2. Let f be (5/10)/(3/138). Let w be f/(-5) - 12/(-20). Let y be l(w). Calculate the highest common factor of 9 and y.
3
Let f = -251 + 133. Let h = f - -124. Suppose 0*d - 5*d = -15. Calculate the greatest common divisor of d and h.
3
Let q = 127 + 55. Calculate the highest common factor of q and 637.
91
Let y(x) = x + 1. Let d be y(2). Suppose d*q - 4*q = -29. Suppose -3*k + 25 = -q. What is the highest common factor of k and 27?
9
Let m = 1281 - 1250. Calculate the highest common factor of 62 and m.
31
Suppose 431*x + 26 = 432*x. What is the highest common factor of 13 and x?
13
Let o(v) = 2*v + 41. Suppose -t - 14 = h, 5*t + 0 = 15. Let u be o(h). Calculate the greatest common factor of 63 and u.
7
Let l(f) = 20*f**3 - 3*f**2 + 2*f - 1. Let x be l(1). Calculate the greatest common factor of 315 and x.
9
Suppose 24*l = 19*l - 445. Let z = l - -98. What is the greatest common factor of 15 and z?
3
Let j = -239 + 26. Let t = 327 + j. What is the greatest common divisor of 19 and t?
19
Suppose -3*a = 50 - 68. Suppose -a*i - 486 = -12*i. What is the highest common divisor of 54 and i?
27
Let s(g) = -3*g - 38. Let b be s(-18). What is the greatest common factor of b and 96?
16
Let h(x) = -2*x**3 + 14*x**2 + 4*x - 24. Let n be h(7). Calculate the greatest common divisor of n and 10.
2
Suppose 90*l - 840 = 85*l. Calculate the greatest common divisor of l and 105.
21
Let o(c) = -2*c**2 + 4. Let d be o(7). Let z = 109 - d. Suppose -2 = l + 5*r - 37, -5*l = -3*r - z. What is the greatest common factor of 100 and l?
20
Let j(a) = 3*a + 181. Let n be j(33). What is the highest common divisor of n and 84?
28
Let n = -16 - -29. Let p(s) = -s**2 + 6*s + 4. Let g be p(6). Suppose a + 3*f = -a + 35, 0 = g*f - 12. Calculate the greatest common divisor of a and n.
13
Suppose 3*y - 20 = -2*x, 2*x - 5*y = -2*x + 18. Let q(d) = 5*d**2 + 8*d + 13. Let p be q(-4). Let f = 96 - p. What is the greatest common divisor of f and x?
7
Suppose c + d - 43 = -3*c, 2*c - 5 = 5*d. Let y = 0 - -3. Suppose 5 = a, -y*a + 55 = 4*l - 80. What is the greatest common divisor of l and c?
10
Let d be ((-42)/7)/(3/2). Let a be d/(-28) + 68/14. Suppose -a - 3 = -2*f. Calculate the highest common divisor of f and 12.
4
Suppose 8*z + 3*z = 1925. Calculate the greatest common factor of 70 and z.
35
Suppose 2*y = 3*a - 0*a - 1, -y + 13 = 3*a. Let z be -2*((-1083)/12 - 3/(-12)). Let o = z - y. Calculate the greatest common divisor of 16 and o.
16
Let j = -180 + 255. Calculate the greatest common divisor of j and 1500.
75
Suppose 6*z - 78 = -54. Let n(u) = 3*u**3 - 7*u**2 - 6*u + 2. Let b be n(z). Calculate the highest common divisor of b and 2.
2
Suppose 3*l - 6 = -3*u, -3*u + 0 = -5*l - 6. Suppose 0 = -l*n + 5*n - 5. Suppose -v + 4 = n. Calculate the highest common divisor of v and 27.
3
Let j be (-11596)/(-50) - 8*(-12)/1200. Calculate the greatest common factor of 1044 and j.
116
Let g be ((-12)/(-54))/((-6)/(-108)). What is the highest common factor of g and 298?
2
Suppose 3*x - 225 = 8*x. Let d be (x/18)/(10/(-8)). What is the highest common factor of d and 18?
2
Let x(t) = 98*t - 44. Let j be x(1). Calculate the greatest common factor of 2214 and j.
54
Let f(r) = 7*r**2 + 11*r - 9. Let j(o) = 15*o**2 + 23*o - 17. Let y(q) = 5*f(q) - 2*j(q). Let a be y(7). What is the highest common factor of 27 and a?
27
Suppose 5*p = 3*w - 31, -5*p - 2*w + 3*w - 37 = 0. Let n be 3*-1 + p/((-48)/78). Calculate the greatest common divisor of 90 and n.
10
Suppose 1981*y + 1518 = 1992*y. What is the greatest common divisor of y and 46?
46
Let p = 32 - 20. What is the highest common divisor of p and 24?
12
Let a(i) = i**2 + 23. Let w be a(0). Let f(r) = r**3 + 21*r**2 + 40*r + 492. Let l be f(-20). Calculate the highest common divisor of l and w.
23
Let o = -65 + 79. Calculate the highest common divisor of o and 14.
14
Let g be (0 + -1 - 0) + 25 + -9. Suppose 0 = 3*i - 150 - g. What is the highest common factor of 22 and i?
11
Let f(s) = 18*s + 195. Let v be f(5). Calculate the greatest common factor of 30 and v.
15
Suppose 0 = 10*k - 63 - 577. Let t be (-1 + (-3)/(-2))*16. What is the highest common divisor of k and t?
8
Let t be (5 - 3)/(11/418). Calculate the greatest common divisor of t and 12.
4
Let t(d) = -d**3 - 7*d**2 + 5*d - 4. Let b be 3 - ((-3 - -13) + -1). Let w be (-2)/6 + 46/b. Let v be t(w). What is the greatest common divisor of v and 100?
20
Let j = 16 - 13. Let h be (-1)/j*(-16 + 1). What is the highest common divisor of h and 5?
5
Let p be (-10)/110*-24 - (-2)/(-11). Calculate the highest common factor of 50 and p.
2
Let f = -1571 - -2115. What is the highest common factor of 51 and f?
17
Let q = -253 + 500. What is the greatest common divisor of q and 19?
19
Let f(g) = -g**3 - 9*g**2 - 6*g + 19. Let i be f(-8). Let t be (i/(1*-6))/((-4)/264). Calculate the highest common divisor of t and 132.
33
Let k = 1049 - 1041. Let g be ((-4)/(-6))/(4/6). What is the greatest common factor of k and g?
1
Let p(b) = -b**3 + 13*b**2 - 4*b + 7. Let g be p(13). Let f = g - -60. Calculate the highest common factor of f and 10.
5
Suppose 2*b - 4*u = 304, -17*u = -5*b - 16*u + 742. Calculate the highest common factor of 74 and b.
74
Suppose 2*p = -2*m + 59 - 25, 0 = 5*p - 3*m - 45. Suppose 112 = 3*b - 176. What is the greatest common factor of b and p?
12
Let h(j) = -11*j**2 + 2*j + 12*j**2 + 2 + 3*j. Let x be h(-5). Suppose 4*m + 0*i - i = 91, -4*i = x*m - 32. Calculate the greatest common divisor of 11 and m.
11
Let a be (-3)/(-2*12/56). Let l be 745/35 - 2/a. Suppose 4*v = -4*u + 5*u + 10, -l = -5*v - 3*u. What is the highest common divisor of v and 24?
3
Let d be 65/(-7) - 4/(-14). Let z = 22 + d. Suppose 4*p = 5*p - 104. Calculate the greatest common factor of p and z.
13
Let y(i) = 2*i**2 - 3*i - 1. Let o be y(3). Suppose g + 10 = -4*x, 3*x = 5*x + o. Calculate the greatest common factor of g and 18.
6
Suppose -10 = -4*c + x, 4*c - 4*x - 4 = -0. Suppose 2*d - 10 - 9 = c*f, 3*d + 4*f = 3. What is the highest common factor of 45 and d?
5
Suppose -84 = -10*h + 3*h. Suppose 3*o = -h, -m + 7 = -4*o + 3*o. Calculate the highest common factor of 15 and m.
3
Let y = 327 + -295. What is the highest common divisor of y and 88?
8
Let h be (-43)/(-4) - 2/(-8). Suppose 142*y - 65*y - 60*y = 187. What is the highest common divisor of h and y?
11
Let y be 55 - 0 - (-5 + -6 + 10). Calculate the highest common divisor of y and 84.
28
Let u(v) = -4 - 18*v + 1 + 0. Let r be u(-6). Let t(o) = o**3 - 3*o**2 - 8*o + 5. Let m be t(5). What is the highest common factor of m and r?
15
Let n be 9/(-15) + (-26)/(-10). Suppose n*t - 55 = t. Suppose -3*c + 5*c + 3 = -r, -2*c + 7 = 3*r. Calculate the highest common divisor of t and r.
5
Suppose -f + 0*f + 21 = 0. Suppose -210 = 8*o - 10*o. Calculate the highest common factor of o and f.
21
Let f be (-4)/(-9)*(24852/24 + -5). What is the greatest common factor of f and 2?
2
Let m(s) = 6*s**2 + 20*s - 16. Let g be m(-10). What is the greatest common divisor of 32 and g?
32
Let l = 339 + -326. What is the highest common factor of l and 104?
13
Let n(v) = v - 1. Suppose 0 = 4*g + 2*j - 16, 2*j + 0 + 5 = 3*g. Let c be n(g). Suppose -4*i = -c*i - 36. Calculate the greatest common factor of 198 and i.
18
Suppose 231 = -3*p + 10*p. Suppose -4*k + 49 - 137 = 0. Let h = p + k. What is the highest common factor of 22 and h?
11
Let t(q) = q + 1. Let 